 97*n + 23168 = -93*n. What is the units digit of i?
7
Let i(o) = o**2 + o + 25. Let u be i(0). Let z(c) = 7*c**2 - 106*c - 647. Let f be z(-6). Let w = u + f. What is the tens digit of w?
6
Let m(l) = l + 1242. What is the thousands digit of m(7)?
1
Suppose -t + 3622 = 2528. What is the thousands digit of t?
1
Suppose -358*t + 30411178 = -1554642. What is the units digit of t?
0
Suppose -53 - 39 = 4*b. Let f = 25 + b. What is the hundreds digit of (0 + 2 - f) + (-6 - -110)?
1
Suppose 5*p - b - 25 = 0, 3*p - 2*p = b + 5. Suppose -p*o + 3 = -4*o. What is the tens digit of (-77)/((o/(-9))/(6/9))?
5
Suppose 0 = -8*r + 65 - 393. Let z = r - -45. Suppose z*q - 424 = 4*c, -4*q = -q + 2*c - 328. What is the units digit of q?
8
Let y be (-2 - (-65)/2)*2. Let q(p) = -7*p - 235. Let m be q(-38). Let u = y - m. What is the tens digit of u?
3
Let d be (-1)/((-2)/8 + 24/(-32)). Let c be (-3)/7 - ((-14499)/21)/d. Suppose 5*f + 5*t = c, 2*f - t = -f + 402. What is the units digit of f?
5
Let t(i) = 18*i + 254. Let q be t(-14). Suppose 5*z + p - 9080 = -3438, 0 = q*z - 5*p - 2246. What is the hundreds digit of z?
1
Let m(p) = 9*p**2 - 23*p + 36. Let v be m(8). Let j = v - 81. What is the hundreds digit of j?
3
Suppose t = 2*u + 2928, 76*t + 4*u = 73*t + 8854. What is the tens digit of t?
4
Let g(s) = 8884*s - 13980. What is the hundreds digit of g(8)?
0
Let i = 277 + -137. Suppose 0 = s - 423 + i. What is the hundreds digit of s?
2
Suppose -1993 = 117*s - 118*s + 11872. What is the hundreds digit of s?
8
Let t(s) = s + 1. Let i(y) = 15*y + 39. Let f(k) = i(k) - 4*t(k). What is the units digit of f(10)?
5
Suppose 4*m + 1375 = 155. Let g = m - -540. What is the tens digit of g?
3
Let q = 109 - -3853. Let n = -2295 + q. What is the hundreds digit of n?
6
Let b be (-166)/(-8) - (-15)/(-20). Let q be 6/(-12)*9*-4. Suppose b*r - 21*r = -q. What is the tens digit of r?
1
Suppose -13*t + 35 = 9. Suppose 0*a - t*a - n + 14 = 0, -26 = -2*a + 5*n. Suppose -a*f + o - 119 = -9*f, -o = 3*f - 367. What is the tens digit of f?
2
Suppose -36 = 7*y - 190. Let d(t) = 5*t**2 - 94*t + 52. What is the tens digit of d(y)?
0
Let h = 74 + -52. Suppose -h*d = -25*d - 4*c + 1522, 0 = -2*d - c + 1013. What is the hundreds digit of d?
5
Suppose n - 7*v - 161869 = -2*n, 0 = -2*v + 16. What is the thousands digit of n?
3
Let i be 32 + (-12)/18*(2 + 1). Suppose 5*c - i = -5. Suppose -174 = -c*j - 3*a, 5*j - a - 21 - 161 = 0. What is the tens digit of j?
3
Suppose h + h = 4*h. Suppose i + 25 - 28 = h. Suppose i*v + 226 - 568 = 0. What is the units digit of v?
4
What is the hundreds digit of (-3881084)/(-265) + (-24)/15?
6
Let m = 24258 + -14119. What is the thousands digit of m?
0
Let d = 1926 + 248. What is the tens digit of d?
7
Let x = -7511 + 14220. What is the tens digit of x?
0
Let o = 256 - -24488. What is the ten thousands digit of o?
2
Let y be (0 - 6/8)/((-48)/256). Suppose 1837 = p + 2*p + y*b, 3*b + 1219 = 2*p. What is the tens digit of p?
1
Suppose -4*y = 0, 14*t - 10*t - 2*y - 71816 = 0. What is the thousands digit of t?
7
Suppose -5*f - 9991 = -70406. What is the hundreds digit of f?
0
Suppose -22*n + 5057 = -16*n - 4951. What is the hundreds digit of n?
6
Let m(k) = 330*k - 4. Let s be m(1). Suppose 0 = 109*o - 111*o + s. What is the hundreds digit of o?
1
Let f(h) = -4*h**3 - 74*h**2 - 14*h - 83. What is the tens digit of f(-32)?
6
Let v(r) = r + 2. Let b(i) = -266*i**2 - 7*i + 28. Let d(j) = -b(j) + 4*v(j). What is the thousands digit of d(2)?
1
Suppose -6*l = 41 - 11. Let x be (22 + 1)*-1*l. Let t = -62 + x. What is the units digit of t?
3
Suppose 28*m - 1188 = 10*m. Suppose -d - 3*x + 42 = 0, d - m = -d + 3*x. What is the tens digit of d?
3
Let g = 48 - 58. Let j = -7 - g. What is the hundreds digit of (101/5)/((-3)/(-5))*j?
1
Let n(g) = -2*g**2 + 45*g + 78. Let p be n(24). What is the tens digit of 1696/(-6)*(-9)/p?
2
Suppose 0 = -g - f + 24900, 4*f + 74682 = 3*g + f. What is the hundreds digit of g?
8
Suppose -3*p + 4*z + 91 = -z, 5 = -z. Suppose p*l = 40*l - 14256. What is the units digit of l?
2
Suppose 3*x + 4*h - 6 = 0, 5*h = 43*x - 40*x - 6. Suppose 2*g + 10 = 0, -8*d = -11*d - x*g + 2516. What is the hundreds digit of d?
8
Let x(a) = -a**3 - 14*a**2 - 14*a - 9. Let n be x(-13). Suppose 2*i - 121 = -n*m + 341, -3*i - 487 = -4*m. What is the hundreds digit of m?
1
Let s be (-65)/26 - 3340/8. Let r = s + 501. What is the units digit of r?
1
Suppose 57*k = 99*k - 86016. What is the thousands digit of k?
2
Suppose -29317 = 2*f - 70847. What is the tens digit of f?
6
What is the thousands digit of 2*2/(-4) + (14119 - -32)?
4
Let c be (-8)/12 + 17/3. Suppose 0 = -c*j + 1004 + 256. Suppose -j - 161 = -7*g. What is the tens digit of g?
5
Suppose w - 2*v = -2*w + 9, -4*v = -3*w + 15. What is the units digit of 3818/12 - w*1/6?
8
Suppose 0 = 30*q - 31*q - 1. Let p(o) = 3*o + 5. Let d be p(q). What is the hundreds digit of d/5 + 2626/10?
2
Let f be (-6)/1 + 3 - -8 - 1. Let o be 2*(f/12 + 208/6). Suppose -o = 4*v - 898. What is the units digit of v?
7
Let i = 7126 - 10276. Let p be (32/(-6))/((-20)/i). What is the units digit of (-1 - 2)*(p/(-18))/(-2)?
0
Suppose -6*n - 44 = -g - 4*n, -5*g + 202 = -n. Let f(z) = 11*z**2 - g*z + 21*z - z**3 + 2*z**3 + 12*z + 22. What is the units digit of f(-11)?
9
Suppose -i + x + 13293 = 0, 274*x - 18 = 271*x. What is the units digit of i?
9
Let g be 6/(-4) + 11/((-110)/185). Let v(h) = h**3 + 23*h**2 - 28*h - 11. What is the units digit of v(g)?
9
Suppose -4*i + 14 = -130. Suppose -3*y + y = i. Let v = 87 + y. What is the tens digit of v?
6
Suppose -4*a = 2*r - 696 - 402, -2*a = -4*r - 554. Suppose s - 10*g + 15*g - a = 0, -5*s = -3*g - 1403. What is the hundreds digit of s?
2
Suppose -4*o = 11*d - 48573, 3*o + d + 4471 = 40966. What is the tens digit of o?
6
Let v(a) = 430*a**2 - 36*a + 47. What is the tens digit of v(5)?
1
Suppose 0 = -3*u - 0*u - 63. Suppose 62*q + 448 + 730 = 0. Let o = q - u. What is the units digit of o?
2
Let u = 446 - 355. What is the tens digit of 97617/u + (-2)/(-7)?
7
Let n(o) = 239*o**2 - 41*o - 24. What is the ten thousands digit of n(-7)?
1
Let v(p) = -p - 41. Let s be v(-46). Suppose -24 = -y + 5*l, 0 = -2*l + s*l - 15. What is the tens digit of y?
4
What is the hundreds digit of ((-66)/9)/((-98)/286650)?
4
Let u(w) = 3*w**2 - 73*w + 19. What is the tens digit of u(47)?
1
Let p(w) = 2*w + 48. Let j be p(-24). Suppose j = 6*v - 0*v + 492. What is the hundreds digit of 2/(-4)*v*(1 + 2)?
1
Let v(f) = 340*f**3 - 8*f**2 + 17*f + 3. What is the hundreds digit of v(3)?
1
Suppose -43*b = -147544 - 107532. What is the hundreds digit of b?
9
Suppose 5*z + 5*l - 3 = 4*l, 12 = -4*z + 4*l. What is the units digit of 4/(-4 + z)*-331*1?
1
Let b = -17096 - -33945. What is the hundreds digit of b?
8
Suppose 5*r = g - 24972, -5*r + 2743 - 77649 = -3*g. What is the units digit of g?
7
Suppose -107*t = -5128243 + 1261156. What is the hundreds digit of t?
1
Let f(a) be the third derivative of a**6/120 + 23*a**5/60 - a**4/12 - 43*a**3/6 - 6*a**2 - 10*a. What is the units digit of f(-23)?
3
Let u be ((-8)/14 - (-17)/(-7)) + 695. What is the hundreds digit of ((7 - 1) + u)/1?
6
Let q(n) = 18*n - 1. Let w be q(-2). Suppose -1600 = -62*b + 30*b. Let x = w + b. What is the tens digit of x?
1
Suppose -26*w - 27735 = -147985. What is the tens digit of w?
2
Let v(t) = -t**3 - 15*t**2 + 4. Suppose 0 = a - 2, 4*l - a + 66 = 2*a. Let o be v(l). Suppose o*x = -4*i + 228, -x + i = -16 - 37. What is the units digit of x?
5
Suppose -35*t = -32*t + 12. Let n be (-6)/1 + -23 + 27. What is the units digit of n*(-9*15 - t/(-8))?
1
What is the thousands digit of 23/(-46) - (-16534)/4?
4
Let g be 0/((-3)/1) - -1. Let m(x) = 5*x**2 + 2*x - 3. Let r be m(g). Suppose 14*f = r*f + 940. What is the tens digit of f?
9
Let h(c) = 10*c**3 - 9*c**3 + 47 + 18*c**2 + 0*c + 9*c + 0*c. What is the units digit of h(-16)?
5
Suppose 10*j - 98279 = -29119. What is the thousands digit of j?
6
Let j = 2716 + 2900. Suppose 0 = -0*i + 9*i + j. What is the hundreds digit of i/(-20)*5*4/6?
1
Suppose -1394 = -4*g - 274. Let c be (8/(-10))/((-16)/g). Suppose 1044 = c*q - 1518. What is the units digit of q?
3
Suppose x = -3*v + 32877, 3*x + v + 6061 = 104732. What is the t